r when 3399936 is divided by 7.
1
Calculate the remainder when 145921 is divided by 1920.
1
What is the remainder when 289761 is divided by 45?
6
Calculate the remainder when 4258 is divided by 1064.
2
What is the remainder when 22729 is divided by 39?
31
What is the remainder when 20473 is divided by 6813?
34
What is the remainder when 3346 is divided by 2900?
446
Calculate the remainder when 16086 is divided by 201.
6
What is the remainder when 4619 is divided by 1140?
59
Calculate the remainder when 1262 is divided by 232.
102
Calculate the remainder when 47485 is divided by 162.
19
What is the remainder when 30613 is divided by 45?
13
Calculate the remainder when 11425 is divided by 816.
1
Calculate the remainder when 112661 is divided by 66.
65
What is the remainder when 2571 is divided by 65?
36
What is the remainder when 978262 is divided by 126?
124
Calculate the remainder when 1617 is divided by 18.
15
Calculate the remainder when 6226 is divided by 2837.
552
What is the remainder when 2313 is divided by 1986?
327
Calculate the remainder when 14222 is divided by 3554.
6
What is the remainder when 55333 is divided by 21?
19
Calculate the remainder when 542284 is divided by 1339.
1328
Calculate the remainder when 1844 is divided by 423.
152
Calculate the remainder when 22487 is divided by 2494.
41
Calculate the remainder when 8626 is divided by 62.
8
Calculate the remainder when 20739 is divided by 133.
124
What is the remainder when 1866 is divided by 189?
165
Calculate the remainder when 2126 is divided by 108.
74
What is the remainder when 19853 is divided by 34?
31
What is the remainder when 1012566 is divided by 13?
9
What is the remainder when 116372 is divided by 113?
95
What is the remainder when 30848 is divided by 10274?
26
Calculate the remainder when 15724 is divided by 107.
102
What is the remainder when 11043 is divided by 215?
78
Calculate the remainder when 7622 is divided by 77.
76
Calculate the remainder when 8002 is divided by 568.
50
What is the remainder when 9339 is divided by 54?
51
Calculate the remainder when 94960 is divided by 195.
190
Calculate the remainder when 209118 is divided by 104551.
16
Calculate the remainder when 127586 is divided by 63786.
14
Calculate the remainder when 55013 is divided by 92.
89
What is the remainder when 735494 is divided by 57?
23
What is the remainder when 1381 is divided by 106?
3
What is the remainder when 219 is divided by 43?
4
Calculate the remainder when 92 is divided by 37.
18
What is the remainder when 25247 is divided by 3551?
390
Calculate the remainder when 30817 is divided by 668.
89
What is the remainder when 575011 is divided by 58?
57
What is the remainder when 1889 is divided by 1879?
10
What is the remainder when 375935 is divided by 19786?
1
Calculate the remainder when 1345 is divided by 256.
65
Calculate the remainder when 1709 is divided by 1625.
84
Calculate the remainder when 5729 is divided by 1896.
41
What is the remainder when 162044 is divided by 361?
316
Calculate the remainder when 30394 is divided by 724.
710
Calculate the remainder when 162256 is divided by 40550.
56
Calculate the remainder when 263702 is divided by 95.
77
Calculate the remainder when 231661 is divided by 10.
1
Calculate the remainder when 889715 is divided by 25.
15
What is the remainder when 3570 is divided by 1141?
147
What is the remainder when 739 is divided by 49?
4
Calculate the remainder when 7013 is divided by 228.
173
Calculate the remainder when 814931 is divided by 9.
8
Calculate the remainder when 58359 is divided by 11607.
324
What is the remainder when 146864 is divided by 24476?
8
Calculate the remainder when 30744 is divided by 177.
123
Calculate the remainder when 43839 is divided by 47.
35
What is the remainder when 37406 is divided by 16?
14
What is the remainder when 4886 is divided by 4847?
39
Calculate the remainder when 47677 is divided by 524.
517
Calculate the remainder when 5353 is divided by 950.
603
What is the remainder when 5048 is divided by 150?
98
Calculate the remainder when 3874 is divided by 7.
3
Calculate the remainder when 91639 is divided by 91617.
22
What is the remainder when 144431 is divided by 28884?
11
Calculate the remainder when 31000 is divided by 7714.
144
Calculate the remainder when 2545 is divided by 150.
145
What is the remainder when 53236 is divided by 4839?
7
What is the remainder when 91202 is divided by 101?
100
What is the remainder when 9175 is divided by 153?
148
Calculate the remainder when 246 is divided by 67.
45
What is the remainder when 4627 is divided by 864?
307
Calculate the remainder when 81897 is divided by 1321.
1316
What is the remainder when 2221 is divided by 107?
81
Calculate the remainder when 9662 is divided by 39.
29
What is the remainder when 8793 is divided by 4366?
61
Calculate the remainder when 138616 is divided by 152.
144
What is the remainder when 2506 is divided by 1219?
68
What is the remainder when 6772 is divided by 2255?
7
What is the remainder when 42717 is divided by 240?
237
Calculate the remainder when 21183 is divided by 557.
17
Calculate the remainder when 22963 is divided by 103.
97
Calculate the remainder when 245713 is divided by 182.
13
What is the remainder when 1821939 is divided by 797?
794
Calculate the remainder when 151225 is divided by 208.
9
Calculate the remainder when 272333 is divided by 90774.
11
What is the remainder when 2050984 is divided by 987?
985
Calculate the remainder when 2111 is divided by 106.
97
Calculate the remainder when 421712 is divided by 105423.
20
What is the remainder when 178096 is divided by 569?
568
What is the remainder when 581732 is divided by 64636?
8
Calculate the remainder when 30083 is divided by 51.
44
Calculate the remainder when 1044 is divided by 862.
182
What is the remainder when 29202 is divided by 218?
208
Calculate the remainder when 3505 is divided by 18.
13
Calculate the remainder when 3358 is divided by 175.
33
What is the remainder when 72079 is divided by 523?
428
Calculate the remainder when 22155 is divided by 20.
15
Calculate the remainder when 241846 is divided by 4563.
7
Calculate the remainder when 3004817 is divided by 65.
62
Calculate the remainder when 7008 is divided by 275.
133
What is the remainder when 814 is divided by 556?
258
What is the remainder when 7349899 is divided by 98?
95
Calculate the remainder when 36985 is divided by 265.
150
What is the remainder when 3689 is divided by 30?
29
Calculate the remainder when 37718 is divided by 5369.
135
What is the remainder when 4448 is divided by 204?
164
Calculate the remainder when 7831 is divided by 2584.
79
Calculate the remainder when 18325 is divided by 119.
118
What is the remainder when 97782 is divided by 582?
6
Calculate the remainder when 37819 is divided by 12603.
10
Calculate the remainder when 454801 is divided by 118.
29
What is the remainder when 104035 is divided by 11?
8
Calculate the remainder when 1606 is divided by 268.
266
Calculate the remainder when 80676 is divided by 95.
21
What is the remainder when 619563 is divided by 22?
21
Calculate the remainder when 323 is divided by 283.
40
Calculate the remainder when 31815 is divided by 278.
123
Calculate the remainder when 1630 is divided by 1492.
138
Calculate the remainder when 14917 is divided by 604.
421
What is the remainder when 45951 is divided by 6562?
17
What is the remainder when 2022 is divided by 780?
462
Calculate the remainder when 31436 is divided by 1164.
8
What is the remainder when 4802 is divided by 52?
18
Calculate the remainder when 174552 is divided by 808.
24
Calculate the remainder when 689446 is divided by 440.
406
What is the remainder when 10299 is divided by 21?
9
Calculate the remainder when 43194 is divided by 535.
394
Calculate the remainder when 13680 is divided by 263.
4
Calculate the remainder when 2934 is divided by 429.
360
Calculate the remainder when 28219 is divided by 112.
107
Calculate the remainder when 35506 is divided by 7099.
11
What is the remainder when 1631928 is divided by 412?
408
What is the remainder when 10972 is divided by 99?
82
What is the remainder when 548 is divided by 59?
17
Calculate the remainder when 542910 is divided by 7